17
Suppose 4*w - y = 30, 2*w - 2*y - 8 = 2*y. Suppose w*z - 3*z - 1270 = 0. List the prime factors of z/7 - (-14)/(-49).
2, 3
Suppose -13*x + 18*x = 10. What are the prime factors of (2 - 14)/(-6)*x*2?
2
Suppose 256 = -w + 26. Let i = w + 485. Suppose -3*u = 5*h + 2*u - i, u - 99 = -2*h. What are the prime factors of h?
2, 3
Suppose 29*p = 30*p. Suppose p = 7*m + 44 - 275. List the prime factors of m.
3, 11
Let p(y) = y + 12. Let t be p(-5). Suppose x - 3 = t. Let u = x - 8. What are the prime factors of u?
2
Let z(h) = 28*h - 21. Let g be 1 + (-272)/(-44) - (-2)/(-11). What are the prime factors of z(g)?
5, 7
List the prime factors of ((-3 - -15) + -48)/(2/(-122)).
2, 3, 61
Let h(p) = -189*p**3 - 3*p - 4. Let i(n) = -9*n - 19. Let s be i(-2). List the prime factors of h(s).
2, 47
Suppose -2*i - 2*i = 20, -873 = -w + i. What are the prime factors of w?
2, 7, 31
Let f(g) = -40*g - 24. Let s = -6 + 2. List the prime factors of f(s).
2, 17
Suppose 6*u - 10*u = -x - 236, -3*u + 3*x = -186. Let i = u + -13. What are the prime factors of i?
3, 5
What are the prime factors of (-3)/(-2) + 1865/2?
2, 467
Let o(j) be the third derivative of -5*j**4/6 + 2*j**3/3 + 19*j**2. Let z be ((-1 - -2) + 2)*-1. What are the prime factors of o(z)?
2
Let r(p) be the second derivative of -p**4/12 - 5*p**3/3 + 5*p**2 - p. Let l(g) = -8*g - 143. Let f be l(-17). What are the prime factors of r(f)?
31
Suppose 3*d - 18 = -123. What are the prime factors of (-4)/10 - 1449/d?
41
Let n = 88 - 81. Suppose 3*j - n*j - 20 = 0, 0 = 4*y + 2*j - 166. List the prime factors of y.
2, 11
Let p(x) = -x**2 + 4*x - 1. Let g be p(2). Suppose -g*y + 941 = 5*f, -193 = -2*f + f + y. List the prime factors of f.
2, 5, 19
Let k(t) = t**3 + 15*t**2 - 11*t + 15. Let n be k(-16). Let y = 281 + n. List the prime factors of y.
2, 3
Suppose 3*u - 472 = 51*c - 49*c, -u + 3*c = -155. List the prime factors of u.
2, 79
Let q(o) = -19*o - 10. Let h be (-2 - -2) + 5 + 1. Let r be (7 + -9)*h/4. List the prime factors of q(r).
47
Let g(m) = m**2 - 9*m + 12. Let h be g(9). Let s = h - 11. Suppose -2 - s = -3*q, 0 = -5*n - q + 56. List the prime factors of n.
11
Let x(g) = -g**2 + 42*g - 9. What are the prime factors of x(13)?
2, 23
Let f be (4 - (3 - -1))/3. Suppose f = 5*l - 0*l - 115. List the prime factors of l.
23
Suppose -3802 - 7666 = -5*s - b, 0 = 2*s + 5*b - 4601. What are the prime factors of s?
2293
List the prime factors of (142/(-8) - 1)*1248/(-234).
2, 5
Suppose 90 = 3*r + 3*r. Let g = r + -19. Let j(y) = -10*y - 5. What are the prime factors of j(g)?
5, 7
Let q = 170 - 107. What are the prime factors of q?
3, 7
Let p(m) = -154*m**2 - 3*m + 3. Let w be p(1). Let i = -104 - w. What are the prime factors of i?
2, 5
Let j(o) = -16*o**2 + 36*o**2 - 16*o**2 - 1 + 6*o. List the prime factors of j(-5).
3, 23
Let c(n) = n**3 + n + 9. Suppose -3*l = -2*b + 10, -20 = 2*l - 3*l - 4*b. What are the prime factors of c(l)?
3
Suppose -362*f + 376*f = 1316. What are the prime factors of f?
2, 47
Suppose 5*a + 1247 = s, 9*s - 5*s = 3*a + 4971. List the prime factors of s.
2, 3, 23
Suppose 4*a = -2*a + 4068. List the prime factors of a.
2, 3, 113
Let m = -9 - -7. List the prime factors of 0 + (-589)/(-5) + m/(-10).
2, 59
Suppose -5*n + 184*r + 3270 = 189*r, 0 = -3*n + 5*r + 1962. What are the prime factors of n?
2, 3, 109
What are the prime factors of (16 + (-18 - 0))*(-1146)/4?
3, 191
Let u = 38 - 38. Suppose -n + 4 = -0. What are the prime factors of -4 - (n*-6 + u)?
2, 5
Suppose 4*w - 155 = 53. Suppose -4*y + w = -2*y. List the prime factors of y.
2, 13
Suppose -5*k + v + 410 = -10*k, -63 = k + 4*v. Let j = k - -148. What are the prime factors of j?
5, 13
Let k be (-1 - 0) + 2 + 3. Suppose -4 = -2*q + 2*u, q + k*u + 0 + 18 = 0. List the prime factors of 2 + 8 + 1 + q.
3
Suppose -3611 + 875 = -8*p. List the prime factors of p.
2, 3, 19
Let p be (0 - -3) + (3 - 3). Suppose -2*k + 8 = j + 2*k, -j = -p*k + 6. Suppose j = 3*w - 4*w + 2. List the prime factors of w.
2
Let z = -19 + 23. Let b be z/(-7) + (-1254)/(-14). Let p = b + -64. List the prime factors of p.
5
Let f be (878/(-4))/(2/(5 + -9)). Suppose -o - f = -3*r, 3*r + 0*o - 435 = 3*o. List the prime factors of r.
3, 7
Let m = 4883 - 2239. List the prime factors of m.
2, 661
Suppose 0 = 2*g - 222 - 16. List the prime factors of g.
7, 17
Suppose 0 = -31*f + 24*f + 5593. What are the prime factors of f?
17, 47
Suppose -r + 2 + 0 = 0. Suppose 0 = 31*j - 9*j - 88. Suppose c + r*m = 33, j*c - 4*m - 68 = 76. What are the prime factors of c?
5, 7
Suppose 5*i - 2*g = 7865, -5*i - 85*g + 90*g + 7865 = 0. What are the prime factors of i?
11, 13
List the prime factors of (-1164065)/(-1264) + 2/32.
3, 307
Suppose 3*b - 4*r - 141 = -0*r, b - 4*r - 55 = 0. Suppose 7*i - 2*i - 30 = 0. Let w = b + i. What are the prime factors of w?
7
What are the prime factors of (-1)/(-2) + 1/(-4)*-1358?
2, 5, 17
Let q(j) = -j**3 - 10*j**2 - 5*j + 25. List the prime factors of q(-11).
3, 67
Let d be 1*(-2)/(-4)*-10. Let j = d - -54. List the prime factors of j.
7
Let j(f) = 9*f**2 - 12. Let n be j(6). Suppose 0 = -0*y - 6*y + n. List the prime factors of y.
2, 13
Suppose 4*v - 3*a + 4092 = 13208, -3*v + 4*a = -6830. List the prime factors of v.
2, 7, 163
Let n = 22 + -34. List the prime factors of 3 + 16/(-4) - n.
11
Suppose 1053 = -3*q - 0*q. Let y = -151 - q. What are the prime factors of y?
2, 5
Suppose 3*n + 42*n = 94995. What are the prime factors of n?
2111
Let k(y) = y**2 + 12*y - 14. What are the prime factors of k(-17)?
71
Suppose 11*j - 1274 - 1399 = 0. What are the prime factors of j?
3
Let f be (-21)/15 - 2/(-5). List the prime factors of 25 + (f - -2)*-1.
2, 3
Suppose 27*u - 7683 = 107040. What are the prime factors of u?
7, 607
Let l(w) = -3*w**2 - w + 2. Let v be l(-2). Suppose -6*o = -124 + 28. Let a = o + v. What are the prime factors of a?
2
Suppose 0 = 5*m + 5*r - 250, 0 = 3*m - 2*m + 4*r - 56. Suppose -j + 20 = 6. List the prime factors of m/8*j/4.
3, 7
Let u be (1/2)/((30/48)/(-5)). What are the prime factors of ((-944)/12)/(u/6)?
2, 59
Let k(x) = 32*x**2 - 42*x + 4. What are the prime factors of k(-6)?
2, 11
Let b(d) = d + 12. Let n be b(-10). Let k be (235/10)/((-1)/n). Let j = -28 - k. List the prime factors of j.
19
Suppose 0*j - 5*j = 2*b - 791, -1221 = -3*b + 4*j. List the prime factors of b.
13, 31
Let d(x) = 10*x - 40. Let p be d(9). Let i = 3 - 3. Suppose 6*j - 82 - p = i. List the prime factors of j.
2, 11
Suppose -2*t + 3*z = 9, 6*z = 2*t + z + 15. Suppose -i + 2*k + 44 = t, -4*k + 0*k + 14 = i. What are the prime factors of i?
2, 17
Let w be 3*(-4 - (-4)/(-3)). Let a = w - -50. What are the prime factors of a?
2, 17
Let x(q) = 15*q. Let h be x(2). Let n be ((-4)/(-10) - (-18)/30)*136. Suppose h = 5*i - 4*f - n, 3*i - 4*f = 98. List the prime factors of i.
2, 17
Suppose -5*t = -t - 648. Suppose 0 = -6*g + t + 12. What are the prime factors of g?
29
What are the prime factors of 14184/396 - 3/((-66)/4)?
2, 3
What are the prime factors of (-24)/(-20)*(-6260)/(-8)?
3, 313
Suppose 0*g - 2*g - 3*t = -21, -5*g + 2*t = -24. Suppose 0 = 7*o - g*o - 37. What are the prime factors of o?
37
Let s be (-3 - 6/4)*2. Let u = s - -7. Let i = u - -16. List the prime factors of i.
2, 7
Suppose -h + 17 = -3*z + 93, 5*z - 2*h = 127. Let v = 24 - z. What are the prime factors of 36 - v*3/(-3)?
5, 7
Let u(x) = x**2 + 1. Let q(a) = a**3 + 2*a**2 + 4. Suppose -4*y + 27 = 3. Let j(g) = y*u(g) + q(g). What are the prime factors of j(-6)?
2, 41
Let u = -393 + 930. What are the prime factors of u?
3, 179
Let j = -92 + 60. Let i = j - -62. Suppose 5*z - i = 4*z. List the prime factors of z.
2, 3, 5
Let o = -3164 + 4709. List the prime factors of o.
3, 5, 103
Let a = -3 + 8. Let n = 587 - 416. Suppose -n + 26 = -a*i. List the prime factors of i.
29
Let g(s) = -2*s**2 - 4*s + 1. Let y(l) = -5*l**2 + 1. Let m be y(1). Let h be g(m). Let q = h + 55. What are the prime factors of q?
2, 5
Let c(o) = 24*o + 5*o**2 - 2*o**3 + 7 - 6*o**2 - 7*o - 6*o**2. What are the prime factors of c(-7)?
3, 7, 11
Let m be 2/(1 + -2 + 2). Suppose 4*o + 38 = -5*q + 169, 3*o - 51 = -m*q. Let a = q + -11. What are the prime factors of a?
2
Let l(r) = r**2 - 6*r + 9. Suppose -4*d + w = 2*w - 23, 2*d + 5 = 